multiple of 11?
False
Does 85 divide 136183175?
True
Does 33 divide 2388680873?
False
Is 64577136 a multiple of 104?
True
Is 74328143 a multiple of 23?
False
Is 8 a factor of 3207708?
False
Is 175 a factor of 120701000?
True
Is 1404491668 a multiple of 548?
True
Is 44 a factor of 173307992?
True
Does 439 divide 59310217?
True
Is 3807113 a multiple of 8?
False
Is 33 a factor of 5298931?
False
Does 12 divide 55622412?
True
Is 1772 a factor of 746428003?
False
Is 1050403064 a multiple of 9731?
True
Does 8 divide 11457584?
True
Is 16 a factor of 42335520?
True
Does 16 divide 177142224?
True
Is 161002088 a multiple of 13?
True
Is 11056579 a multiple of 1525?
False
Is 102688168 a multiple of 4059?
False
Is 4 a factor of 9095686?
False
Is 26118421 a multiple of 49?
True
Is 35364706 a multiple of 493?
False
Is 299526132 a multiple of 446?
False
Is 56167431 a multiple of 2?
False
Is 1169 a factor of 265972049?
True
Is 16643741 a multiple of 111?
False
Is 749324867 a multiple of 3361?
True
Is 28 a factor of 49216150?
False
Does 29 divide 636022395?
False
Is 17 a factor of 2890846?
False
Is 396 a factor of 57469519?
False
Is 280 a factor of 344399707?
False
Does 3252 divide 238004124?
True
Is 82 a factor of 1069532724?
True
Does 66 divide 290677002?
True
Is 2990239 a multiple of 19?
True
Is 21 a factor of 518187791?
False
Is 2979571173 a multiple of 1907?
True
Is 54881519 a multiple of 539?
True
Does 14 divide 22929060?
True
Is 7683520 a multiple of 16?
True
Is 61 a factor of 1623859152?
False
Is 31 a factor of 2115945982?
True
Does 20 divide 964852980?
True
Is 31932972 a multiple of 18?
True
Does 8 divide 350426993?
False
Does 6 divide 5548073?
False
Does 97 divide 546211083?
False
Is 295 a factor of 113170555?
True
Is 2778694450 a multiple of 925?
True
Is 1129 a factor of 470406256?
False
Is 67052072 a multiple of 132?
False
Is 29 a factor of 12155640?
True
Is 753 a factor of 164874777?
False
Is 24827638 a multiple of 115?
False
Does 285 divide 31475115?
True
Is 9 a factor of 316603287?
True
Is 582311244 a multiple of 494?
False
Is 8 a factor of 66398856?
True
Does 94 divide 3742482452?
False
Is 18 a factor of 2671730?
False
Is 93281496 a multiple of 231?
True
Is 31 a factor of 341433039?
True
Is 57 a factor of 51884478?
True
Is 415934739 a multiple of 101?
False
Does 142 divide 539870084?
True
Does 575 divide 42377175?
False
Is 6316 a factor of 724120115?
False
Is 35455687 a multiple of 14?
False
Is 36325308 a multiple of 2428?
True
Is 193560976 a multiple of 784?
True
Does 4 divide 915100006?
False
Is 43 a factor of 27199478?
True
Does 27 divide 3141089118?
True
Is 667511600 a multiple of 400?
True
Is 8 a factor of 1008537915?
False
Is 440550495 a multiple of 56?
False
Is 1261093625 a multiple of 6?
False
Does 7 divide 594893733?
True
Is 3557 a factor of 192223837?
True
Does 11 divide 40910023?
True
Does 960 divide 44281920?
True
Does 36 divide 19532952?
True
Is 5 a factor of 23791673?
False
Is 362 a factor of 177968579?
False
Is 248 a factor of 564738160?
True
Does 37 divide 93698399?
False
Is 1698 a factor of 259710798?
True
Is 12026553 a multiple of 82?
False
Does 3644 divide 94354877?
False
Is 82 a factor of 4190424?
False
Does 2362 divide 979964539?
False
Does 1908 divide 3785472?
True
Does 19 divide 139692897?
False
Is 1194254767 a multiple of 11?
False
Is 182 a factor of 30936945?
False
Does 124 divide 9856562?
False
Does 14 divide 71420060?
False
Is 619 a factor of 293594795?
True
Is 148 a factor of 76562638?
False
Does 419 divide 464927135?
False
Is 8435323 a multiple of 14?
False
Is 41641245 a multiple of 51?
True
Does 91 divide 82032496?
True
Does 22 divide 2009854?
True
Is 573874725 a multiple of 3975?
True
Is 225537873 a multiple of 11?
True
Does 49 divide 1813899248?
True
Is 326350938 a multiple of 867?
True
Is 292726381 a multiple of 23?
False
Does 161 divide 14387750?
False
Is 38082372 a multiple of 439?
True
Is 9661925 a multiple of 217?
True
Is 99 a factor of 47933028?
True
Is 1065 a factor of 18352080?
True
Is 14 a factor of 15133440?
True
Is 70432385 a multiple of 125?
False
Is 10582 a factor of 574238337?
False
Is 20 a factor of 72976240?
True
Is 50 a factor of 8876893?
False
Does 38 divide 1238398530?
True
Is 272 a factor of 26958?
False
Is 87341296 a multiple of 14?
True
Does 42 divide 547302167?
False
Is 16114285 a multiple of 125?
False
Is 11 a factor of 48419371?
True
Is 28689506 a multiple of 89?
True
Is 80477775 a multiple of 111?
True
Is 3 a factor of 628379?
False
Is 60 a factor of 7977240?
True
Is 89 a factor of 1529603573?
True
Is 397614740 a multiple of 239?
True
Is 71866749 a multiple of 2077?
False
Is 688 a factor of 2114958096?
True
Does 7 divide 798004965?
False
Does 254 divide 21464557?
False
Is 35149218 a multiple of 1189?
True
Is 71 a factor of 11488936?
True
Is 14 a factor of 274849106?
True
Is 3006 a factor of 79226136?
True
Is 4697614 a multiple of 255?
False
Is 48 a factor of 49731810?
False
Does 15 divide 14625255?
True
Does 9 divide 127372410?
True
Does 144 divide 190480476?
False
Is 60311347 a multiple of 54?
False
Is 9449 a factor of 1210028378?
False
Does 3 divide 5577460?
False
Is 291652238 a multiple of 34?
True
Is 767 a factor of 69826868?
False
Is 14 a factor of 31584140?
True
Does 8 divide 27640923?
False
Does 78 divide 99341759?
False
Is 35 a factor of 2811519?
False
Does 123 divide 101581771?
False
Is 45 a factor of 298811475?
True
Does 63 divide 11416540?
False
Is 50614954 a multiple of 52?
False
Is 1274 a factor of 212972374?
False
Does 7 divide 33084198?
True
Does 85 divide 7787882?
False
Is 9 a factor of 4108959?
True
Is 17 a factor of 3415827?
True
Does 160 divide 2338868540?
False
Does 1332 divide 160711128?
True
Is 5155187047 a multiple of 248?
False
Does 213 divide 1410912?
True
Does 249 divide 51314938?
False
Does 807 divide 36639414?
True
Is 56 a factor of 3520776?
True
Is 1344018074 a multiple of 15?
False
Is 988368378 a multiple of 2906?
True
Does 187 divide 554580290?
True
Does 2 divide 811189?
False
Does 3 divide 82376799?
True
Does 20 divide 37400657?
False
Is 34 a factor of 940229?
False
Does 4 divide 158346964?
True
Does 67 divide 109657200?
False
Is 133901234 a multiple of 67?
False
Is 113582466 a multiple of 7558?
False
Does 229 divide 300662602?
False
Is 62 a factor of 132149218?
True
Does 120 divide 602314560?
True
Does 3022 divide 205148470?
True
Is 18936082 a multiple of 7?
False
Does 6 divide 26139572?
False
Is 38 a factor of 1447037112?
True
Is 188434544 a multiple of 240?
False
Is 615262032 a multiple of 2?
True
Is 178 a factor of 165202111?
False
Is 83762589 a multiple of 31?
True
Is 173 a factor of 74726260?
False
Is 357914900 a multiple of 310?
False
Is 1501 a factor of 135556689?
False
Is 11 a factor of 17658542?
True
Is 7722714 a multiple of 6?
True
Is 20 a factor of 10973560?
True
Is 426 a factor of 186148794?
True
Does 8884 divide 613075956?
True
Is 219345975 a multiple of 855?
True
Is 19 a factor of 2656294791?
True
Is 6286869 a multiple of 3?
True
Is 1866 a factor of 267995032?
False
Does 1078 divide 80086776?
True
Does 29 divide 8305020?
True
Is 80394480 a multiple of 48?
True
Is 149 a factor of 3399008264?
True
Is 3057425834 a multiple of 7696?
False
Is 1274869024 a multiple of 1194?
False
Does 6 divide 42153514?
False
Is 1311 a factor of 34849002?
True
Does 3318 divide 1354284834?
True
Is 2298799776 a multiple of 13594?
True
Is 283639993 a multiple of 2?
False
Does 2764 divide 1165531812?
True
Does 91 divide 54519465?
True
Does 182 divide 453265732?
False
Is 186 a factor of 12033145?
False
Does 14 divide 2845436?
False
Is 19 a factor of 2412784785?
False
Is 12 a factor of 190896057?
False
Is 184631360 a multiple of 32?
True
Is 9 a factor of 39094154?
False
Is 6981126 a multiple of 143?
False
Is 6 a factor of 39560004?
True
Is 230 a factor of 683149985?
False
Is 688449575 a multiple of 66?
False
Does 63 divide 517279077?
True
Is 2630267925 a multiple of 415?
True
Is 117 a factor of 38929209?
False
Does 2286 divide 365289084?
True
Is 547572056 a multiple of 1713?
False
Is 1125 a factor of 42123317?
False
Is 89 a factor of 1970347109?
False
Does 791 divide 2389988307?
True
Does 131 divide 2985359?
True
Does 367 divide 7820289?
False
Does 31 divide 87245936